is divided by f?
7
Suppose -13*f - 21 = -255. Let a(w) = 30*w + 1. What is the remainder when a(1) is divided by f?
13
Let k = 1783 - 551. What is the remainder when k is divided by 95?
92
Suppose -1073*x + 235 = -1072*x. What is the remainder when x is divided by 65?
40
Suppose 0 = 5*m - 3*k - 0*k - 40, k = -5. Suppose -x - m*x = -156. Calculate the remainder when x is divided by 15.
11
Suppose -18*u = -97 - 11. What is the remainder when 51 is divided by u?
3
Suppose 0 = 8*r - 38 + 14. Let k = 75 + -73. What is the remainder when r is divided by k?
1
Let f = -29 - -31. Suppose -b = 4*c, 3*c - 12 = -f*b + c. What is the remainder when 13 is divided by b?
5
Let d(x) = 38*x - 19. Let q be d(3). Let h = q - 87. Calculate the remainder when 20 is divided by h.
4
Let m(z) = 165*z + 15. Let o(f) = 83*f + 7. Let y(q) = -4*m(q) + 9*o(q). What is the remainder when y(1) is divided by 19?
14
Let u(g) = g**3 + 6*g**2 - 2*g - 2. What is the remainder when 127 is divided by u(-6)?
7
Let m(i) = 4*i**2 + i + 11. Calculate the remainder when m(4) is divided by 22.
13
Let u(y) = -57*y - 175. What is the remainder when 200 is divided by u(-4)?
41
Let i(s) = -2 - s**2 + 3*s**3 + 1 + s**3 + 2*s - 2*s**3. Let r be i(1). Suppose 0 = -r*q - q + 117. What is the remainder when q is divided by 14?
11
Let c = 132 - 104. Let d = 32 - c. Calculate the remainder when 17 is divided by d.
1
Suppose -2*u + 3 = -9. Suppose -u*n + 28 = -4*n. What is the remainder when 25 is divided by n?
11
Suppose -5*u + 315 = -5*f, -4*u + 131 = 2*f - 103. What is the remainder when 597 is divided by u?
57
Suppose 0 = -0*b - b. What is the remainder when 9 is divided by (-3 - b/2) + 8?
4
What is the remainder when -1 + 45 + (3/1 - 0) is divided by 7?
5
Let h(i) = -2*i - 5. Suppose 5*r - 702 = 33. Let u = -65 + r. Calculate the remainder when u is divided by h(-13).
19
Let a(u) = -3*u + 10. Let i be a(2). Suppose -x + 0*x - 54 = -3*l, i*x - 12 = 0. Calculate the remainder when l is divided by 5.
4
Let g(y) = -3*y - 9. Let c be g(-4). Suppose -c*i - 3*d + 64 = 2*i, 0 = i + 3*d - 20. Let w = 1 + 2. What is the remainder when i is divided by w?
2
Let b = 79 + -32. Suppose b + 41 = m. What is the remainder when m is divided by 18?
16
Let v be -1 - -1 - 1*7. Let x(t) = -t**2 - 8*t. Calculate the remainder when (-5*(-4)/7)/((-15)/(-105)) is divided by x(v).
6
Let g = 473 - 443. Let j be -1 + 4 - 0 - -1. Calculate the remainder when g is divided by (-129)/(-12) + 1/j.
8
Suppose 0 = 3*a - 39 + 12. Let u = 13 - a. Suppose -u*v + 15 = -33. What is the remainder when 45 is divided by v?
9
Suppose -98*a + 655 - 246 = -473. Let d be 2/3 + (-26)/(-6). Suppose -5*w = -4*m + 58 - d, 0 = -m + 2*w + 11. What is the remainder when m is divided by a?
8
Suppose 0 = g + m - 48, 0 = -3*g + 5*m - 25 + 153. Suppose 43 - 3 = 5*n. Suppose 6*x - n = 136. What is the remainder when g is divided by x?
22
Suppose -y - 7 = 3*s, 4*y = -4*s + 1 - 5. What is the remainder when (-18)/(-3) + (2*y)/1 is divided by 10?
0
Let v(u) = 7*u - 26. Let s = -25 - -33. Calculate the remainder when v(8) is divided by s.
6
Let f = 14 + -3. Calculate the remainder when ((-8)/(-6))/(1/24) is divided by f.
10
Suppose -5*y + 14 = -16. Let j(m) = -7*m + 3. Let n be j(1). What is the remainder when (-33)/n - y/(-8) is divided by 4?
1
Suppose 5*v = 3*q + 295, v - 8 = -3*q + 69. Calculate the remainder when v is divided by 8.
6
Suppose 4*i - 41 = -3*h, 2*h - i - 9 = -0. Let b = 62 - 35. What is the remainder when b is divided by h?
6
Let j(q) = q - 11. Let t be j(-9). Let x(l) = l**3 + 20*l**2 - 2*l - 7. What is the remainder when 64 is divided by x(t)?
31
Suppose -4*o - 3*n + 1101 = 0, -9*o - 5*n - 804 = -12*o. What is the remainder when 826 is divided by o?
7
Let w(c) = -c**3 - 54*c**2 - 108*c - 200. What is the remainder when (92/6)/((-4)/(-6)) is divided by w(-52)?
7
Let l(g) = 3*g + 263. Calculate the remainder when l(-52) is divided by 22.
19
Suppose -o + 199 = -36. What is the remainder when o is divided by 27?
19
Let g(j) = -j**3 + 5*j**2 - 3*j + 2. Let w be g(4). Suppose k + 5*t = -6, 0*k = k + 4*t + w. Calculate the remainder when (-76)/6*k/4 is divided by 7.
5
Calculate the remainder when (-82)/(-615) + -34*509/(-30) is divided by 17.
16
Let c be 81/45*(-1 - -6). Suppose c*y - 4*y + 20 = 5*u, -5*y = 3*u + 12. Calculate the remainder when 19 is divided by u/(3*1/33).
8
Let v be -1*6*42/63 - 195. Let u = v - -210. Suppose 0 = 2*j + 3*h + 3, -5*j + h + 5 = 6*h. What is the remainder when u is divided by j?
5
Let n = -60 + 27. Calculate the remainder when 43 is divided by (-238)/(-22) - 6/n.
10
Let z = 142 - 245. Let q = 123 + z. What is the remainder when 76 is divided by q?
16
Let j(r) = r**3 - 3*r**2 + 9*r + 3. Suppose -12*l - 2 = -38. What is the remainder when j(l) is divided by 12?
6
Let g(t) = -33*t - 2. Let w be (-3)/(-2)*1*(-2)/1. Calculate the remainder when g(w) is divided by 33.
31
Suppose -d - 5*u - 50 = -3*d, 0 = 4*d + 5*u - 130. Suppose 4*y = 7*y - d. Let c = 113 + -74. Calculate the remainder when c is divided by y.
9
Suppose -8*h + 13*h = 0. Suppose h = 16*v - 275 - 285. What is the remainder when 137 is divided by v?
32
Let r = 9 - 6. Let j(x) = x**r - x + x**2 - 2 + 0*x + 21. Calculate the remainder when j(0) is divided by 5.
4
Suppose -2*c + 30 = 5*b, c = 4*c + b - 32. Let j(w) = -w**3 + 9*w**2 + 10*w + 9. Calculate the remainder when 123 is divided by j(c).
6
Let c = -1 + 4. Suppose -r + 23 = c. What is the remainder when 78 is divided by r?
18
Suppose -5*z - 2 = n, -4*n + 26 = -5*z - 41. Let d(t) = -t**2 + 19*t - 71. What is the remainder when d(9) is divided by n?
6
Calculate the remainder when 1 + (-75)/((1 - 0)*-3) is divided by 19.
7
Suppose 0 = -2*n + 4*n - 5*r, -4*r = -3*n + 14. What is the remainder when 119 is divided by n?
9
Let i(z) = 20*z**2 - 5*z - 4. Suppose -3*s + 9 = -9. Calculate the remainder when i(-1) is divided by s.
3
Suppose -2*m + m = 8. Let a = 3 - m. Let w = 20 - -23. Calculate the remainder when w is divided by a.
10
Suppose -8*q + 89 + 111 = 0. Let g be (1/2 + 0)*-4. What is the remainder when q is divided by 35/7 - g/1?
4
Let q(s) = s**2 - 8*s - 5. Let m = 20 + -14. Let u = m + 9. What is the remainder when q(-4) is divided by u?
13
Let i(d) be the second derivative of -d**4/12 - d**3 + 7*d**2/2 + d. Suppose 5 = 309*q - 310*q. What is the remainder when i(q) is divided by 7?
5
Suppose 0*x + 37 = -3*n - 2*x, -5*x + 45 = -5*n. Let j be 1/(((-3)/(-1))/(-3)). Calculate the remainder when 17 is divided by (-11)/j + 9 + n.
8
Let v(o) = -17*o + 13. Calculate the remainder when v(-5) is divided by 50.
48
Suppose 22 = 4*s - 90. Calculate the remainder when 3352/s + 2/7 is divided by 41.
38
Let k = -279 - -321. Calculate the remainder when 124 is divided by k.
40
Suppose 4*s - 136 = 2*r + 2*r, 9 = 3*r. Let p = -32 + s. Suppose 0*z = -z - p, 4*n = -z + 51. What is the remainder when 54 is divided by n?
12
Let n = 6 + -2. Suppose u + 17 = 2*j - 0*u, n*j - 33 = u. What is the remainder when 39 is divided by j?
7
Let o be (-294)/(-10) + (-2)/5. Suppose -2*k = -5*f - 1, f + o = 3*k - f. Calculate the remainder when 47 is divided by k.
8
Let z(l) = l**3 - 38*l**2 + 42*l - 82. Let m(g) = -3*g + 6. Calculate the remainder when z(37) is divided by m(-7).
22
Let t = 293 + -201. Calculate the remainder when t is divided by 47.
45
Suppose -v + 8*v = 0. Suppose -4*u - 4*r + 39 + 1 = v, -2*u + 3*r + 25 = 0. What is the remainder when 18 is divided by u?
7
Let p(h) = 4*h**2 - 1. Let s be p(-3). Let o = 62 - s. Calculate the remainder when (-1 - -3)*-1 - -107 is divided by o.
24
Let u = -162 - -302. Suppose 0 = -4*h - 0*h + u. Let x(j) = j + 6. Calculate the remainder when h is divided by x(3).
8
Suppose 9*q - 885 = 4*q - b, -q = -3*b - 161. Calculate the remainder when q is divided by 20.
16
Let c(p) = 2*p**2 - 5*p - 5. Suppose 0 = 5*h - v - 20, -2*v - 4 - 6 = -4*h. Let j be c(h). Suppose -d - 4 = -j. Calculate the remainder when 46 is divided by d.
14
Let k be (-1)/2 - (-190)/(-4). Calculate the remainder when 32 is divided by (-18)/10*320/k.
8
Let b = 1448 - 1419. Calculate the remainder when 114 is divided by b.
27
Suppose 0 = -2*l - 4*u + 24, -10*l + 130 = -5*l - 4*u. Calculate the remainder when 130/(-6)*(-4